 to base 2.
1000010111011
Convert -1029 (base 10) to base 6.
-4433
-8320 (base 13) to base 6
-215501
-100031 (base 4) to base 14
-541
Convert a3a (base 12) to base 2.
10111001110
Convert -19d5 (base 15) to base 8.
-12740
Convert 1626 (base 7) to base 16.
291
What is -1420 (base 7) in base 10?
-553
What is 2034 (base 10) in base 8?
3762
Convert -728d (base 14) to base 2.
-100110100001101
Convert 17167 (base 8) to base 7.
31511
6332 (base 12) to base 11
8163
-222030 (base 4) to base 16
-a8c
Convert 53051 (base 6) to base 4.
1233313
Convert -110110110 (base 2) to base 16.
-1b6
What is -1000011100 (base 3) in base 4?
-10311120
Convert 20254 (base 6) to base 3.
10200221
-351 (base 8) to base 15
-108
122 (base 3) to base 4
101
What is 21a2a (base 14) in base 9?
133807
What is -1321 (base 5) in base 13?
-133
3a5c (base 16) to base 12
8790
Convert 101110001010 (base 2) to base 13.
1463
What is d7d (base 14) in base 9?
3574
What is -1103031 (base 4) in base 16?
-14cd
What is -10707 (base 8) in base 14?
-1931
662 (base 8) to base 5
3214
Convert 843 (base 16) to base 2.
100001000011
What is -1605 (base 7) in base 14?
-33c
-1101001010100 (base 2) to base 14
-2656
What is -708 (base 9) in base 16?
-23f
-10b4 (base 13) to base 8
-4450
Convert 10200111 (base 3) to base 15.
be1
What is 422 (base 8) in base 14?
158
What is -1100110001 (base 2) in base 14?
-425
What is 10102121 (base 3) in base 6?
15324
What is -10100100110 (base 2) in base 14?
-6a2
What is 71 (base 12) in base 15?
5a
-111010100 (base 2) to base 5
-3333
Convert 12637 (base 8) to base 2.
1010110011111
What is -13525 (base 7) in base 3?
-12001211
1099 (base 13) to base 11
1822
Convert 5053 (base 6) to base 12.
789
11102 (base 5) to base 13
47a
Convert -d922 (base 14) to base 6.
-445242
-1188 (base 9) to base 7
-2411
Convert -31231 (base 6) to base 4.
-1001203
-550 (base 16) to base 11
-1027
What is -1dc6 (base 16) in base 14?
-2ac6
Convert 142 (base 6) to base 3.
2022
Convert 3003 (base 9) to base 12.
1326
5725 (base 11) to base 15
236e
d5 (base 15) to base 9
242
2106 (base 7) to base 14
3ad
What is 1221222 (base 3) in base 12?
9b2
What is -576 (base 11) in base 14?
-372
What is -23231 (base 4) in base 2?
-1011101101
110001100000000 (base 2) to base 7
133614
-2fb8 (base 16) to base 4
-2332320
Convert 49 (base 10) to base 14.
37
Convert 5441 (base 6) to base 7.
3433
Convert -87 (base 14) to base 6.
-315
What is -10 (base 9) in base 2?
-1001
What is -552 (base 8) in base 14?
-1bc
331 (base 7) to base 16
a9
-5011 (base 7) to base 9
-2324
Convert -885 (base 9) to base 14.
-39b
Convert -1413204 (base 5) to base 10.
-29179
Convert -177 (base 13) to base 6.
-1123
Convert -112001 (base 3) to base 4.
-11323
6869 (base 11) to base 12
5285
Convert 31101 (base 4) to base 16.
351
Convert 3995 (base 10) to base 2.
111110011011
843 (base 15) to base 13
b04
What is 4043 (base 5) in base 7?
1345
564 (base 8) to base 11
309
What is 9a6a (base 13) in base 5?
1142201
What is 3474 (base 15) in base 4?
2231332
What is 5474 (base 9) in base 12?
2404
What is 6334 (base 7) in base 14?
b54
Convert -324 (base 9) to base 11.
-221
Convert -10315 (base 6) to base 7.
-4061
What is -660c (base 13) in base 9?
-21436
882 (base 10) to base 5
12012
Convert -2cf (base 16) to base 15.
-32e
What is -2a6 (base 16) in base 4?
-22212
What is -3d (base 16) in base 3?
-2021
102330 (base 4) to base 14
628
698 (base 13) to base 16
473
163d (base 15) to base 12
2927
-33346 (base 11) to base 8
-136311
-152 (base 7) to base 10
-86
What is -110011000 (base 3) in base 15?
-2956
What is 12203 (base 5) in base 4?
32200
-2c74 (base 13) to base 16
-1975
212 (base 10) to base 3
21212
What is 1496 (base 16) in base 12?
3072
What is -10000 (base 6) in base 8?
-2420
Convert 1576 (base 8) to base 7.
2415
What is -124243 (base 5) in base 2?
-1001101010100
What is 7109 (base 12) in base 7?
50466
15e (base 16) to base 7
1010
Convert -133110 (base 4) to base 13.
-bb2
-221022 (base 3) to base 12
-48b
-4914 (base 13) to base 8
-24126
What is 21000010 (base 3) in base 10?
5106
Convert -20353 (base 13) to base 7.
-330133
Convert 414553 (base 6) to base 10.
33477
Convert 17b (base 15) to base 12.
245
Convert 811 (base 12) to base 4.
102031
What is 67b1 (base 12) in base 7?
45361
What is d3 (base 14) in base 8?
271
Convert -12288 (base 9) to base 7.
-33041
Convert -1210 (base 8) to base 3.
-220000
What is -3386 (base 12) in base 9?
-7753
What is 14653 (base 8) in base 4?
1212223
What is -21437 (base 8) in base 11?
-6834
1838 (base 14) to base 9
5876
Convert 756 (base 10) to base 16.
2f4
22c (base 14) to base 15
1dc
-412 (base 14) to base 12
-568
-2701 (base 10) to base 3
-10201001
Convert -7155 (base 14) to base 2.
-100110000010111
-1101000110010000 (base 2) to base 14
-157a0
469 (base 11) to base 5
4214
What is -504 (base 6) in base 12?
-134
Convert -7bb (base 12) to base 4.
-101333
Convert -3266 (base 7) to base 5.
-14200
Convert 1000111100011 (base 2) to base 7.
16231
What is 276 (base 15) in base 2?
1000110001
What is 364 (base 8) in base 10?
244
Convert 81291 (base 10) to base 13.
2b002
Convert -1111001000101 (base 2) to base 5.
-221444
3625 (base 9) to base 10
2696
What is -320401 (base 5) in base 9?
-15637
Convert -1243214 (base 5) to base 11.
-17704
Convert -433430 (base 5) to base 7.
-61224
725 (base 16) to base 11
1413
3846 (base 11) to base 16
1393
What is 1638 (base 16) in base 2?
1011000111000
Convert -142033 (base 6) to base 10.
-13413
Convert 1332 (base 6) to base 4.
11120
-3126 (base 13) to base 16
-1a88
-746 (base 8) to base 11
-402
Convert -117521 (base 8) to base 12.
-1b729
What is 13024 (base 5) in base 14?
526
Convert 5540 (base 10) to base 16.
15a4
Convert -38d2 (base 14) to base 6.
-114120
What is -12030 (base 8) in base 15?
-17ce
-5661 (base 11) to base 3
-101012212
Convert 447 (base 12) to base 10.
631
1141 (base 6) to base 8
425
What is 1231 (base 10) in base 14?
63d
-12127 (base 8) to base 15
-1822
13312 (base 6) to base 7
6002
What is -10 (base 7) in base 6?
-11
5c58 (base 16) to base 4
11301120
Convert -2405 (base 8) to base 9.
-1677
What is 490a (base 11) in base 3?
22210220
19e (base 16) to base 7
1131
-122210 (base 4) to base 15
-785
What is -664 (base 9) in base 15?
-264
-1001110111 (base 2) to base 10
-631
123012 (base 4) to base 15
7a9
22018 (base 11) to base 9
47754
-50 (base 7) to base 16
-23
1110001 (base 2) to base 6
305
1140b (base 13) to base 12
16245
What is -841a (base 14) in base 12?
-11208
What is 10021 (base 5) in base 15?
2c6
What is 3030 (base 4) in base 12?
150
Convert 2321 (base 6) to base 2.
1000101001
What is 1100312 (base 4) in base 11?
3984
What is -1323211 (base 4) in base 10?
-7909
What is 1200101000 (base 3) in base 12?
17183
Convert 20b (base 14) to base 5.
3103
What is -125d (base 14) in base 11?
-2467
What is -2790 (base 15) in base 7?
-33444
What is -7506 (base 9) in base 8?
-12612
-29655 (base 12) to base 7
-330650
What is -5b72 (base 12) in base 3?
-112010212
179 (base 13) to base 14
153
Convert -154021 (base 7) to base 14.
-b011
-1123442 (base 5) to base 10
-20497
10322 (base 6) to base 9
1845
What is a88 (base 11) in base 3?
1210101
What is 3aa29 (base 12) in base 7?
455016
What is -45240 (base 6) in base 11?
-4862
What is -31420 (base 5) in base 4?
-200332
What is -30b (base 12) in base 7?
-1202
177 (base 11) to base 14
109
Convert 136b (base 12) to base 2.
100011000011
Convert -2252 (base 9) to base 6.
-11415
-288 (base 11) to base 5
-2323
What is 242 (base 10) in base 5?
1432
What is -13b4 (base 16) in base 11?
-3876
-621 (base 11) to base 10
-749
1038 (base 14) to base 12
174a
What is -1214401 (base 5) in base 6?
-254541
Convert 142323 (base 7) to base 12.
13939
What is 11110011011000 (base 2) in base 13?
7122
-31113 (base 5) to base 12
-1215
What is -316 (base 15) in base 3?
-221210
Convert -12413 (base 5) to base 4.
-33113
What is 1ead (base 15) in base 7?
25333
What is 1090 (base 11) in base 15?
655
What is -24177 (base 11) in base 5?
-2103221
Convert -200012021 (base 3) to base 6.
-141224
350 (base 15) to base 3
1000210
-1f17 (base 16) to base 5
-223314
12760 (base 8) to base 9
7630
Convert 5097 (base 13) to base 5.
323414
11110011011 (base 2) to base 11
1510
Convert 24a23 (base 12) to ba